{"id":22,"date":"2025-03-21T15:34:32","date_gmt":"2025-03-21T14:34:32","guid":{"rendered":"https:\/\/bamchic.se\/?page_id=22"},"modified":"2026-02-17T15:02:28","modified_gmt":"2026-02-17T13:02:28","slug":"22-2","status":"publish","type":"page","link":"https:\/\/bamchic.se\/","title":{"rendered":"Startsida"},"content":{"rendered":"\r\n<div class=\"wp-block-group alignfull has-ast-global-color-5-background-color has-background is-content-justification-center is-nowrap is-layout-flex wp-container-core-group-is-layout-23441af8 wp-block-group-is-layout-flex\">\r\n<figure class=\"wp-block-image size-large\"><img loading=\"lazy\" decoding=\"async\" width=\"1017\" height=\"1024\" src=\"https:\/\/bamchic.se\/wp-content\/uploads\/2025\/03\/store-front-1017x1024.png\" alt=\"\" class=\"wp-image-21\" srcset=\"https:\/\/bamchic.se\/wp-content\/uploads\/2025\/03\/store-front-1017x1024.png 1017w, https:\/\/bamchic.se\/wp-content\/uploads\/2025\/03\/store-front-298x300.png 298w, https:\/\/bamchic.se\/wp-content\/uploads\/2025\/03\/store-front-150x150.png 150w, https:\/\/bamchic.se\/wp-content\/uploads\/2025\/03\/store-front-768x773.png 768w, https:\/\/bamchic.se\/wp-content\/uploads\/2025\/03\/store-front-1526x1536.png 1526w, https:\/\/bamchic.se\/wp-content\/uploads\/2025\/03\/store-front.png 1920w\" sizes=\"auto, (max-width: 1017px) 100vw, 1017px\" \/><\/figure>\r\n<\/div>\r\n\r\n\r\n\r\n<p class=\"has-text-align-center has-ast-global-color-3-color has-ast-global-color-5-background-color has-text-color has-background has-link-color has-medium-font-size wp-elements-8f04e1af140f3da5f6a9098e53a97bb5 wp-container-content-603edb32\" style=\"border-style:none;border-width:0px\"><strong>\u00d6ppettider<\/strong>:<br>M\u00e5ndag: 11:00 &#8211; 16:30<br>Tisdag &#8211; Fredag: 11:00 &#8211; 18:00<br>L\u00f6rdag: 10:00 &#8211; 15:00<br><br><strong>Garnisonsgatan 10 i Helsingborg<\/strong><br>Telefon nummer till butiken : 042 &#8211; 21 92 52<\/p>\r\n\r\n\r\n\r\n<div class=\"wp-block-media-text has-media-on-the-right is-stacked-on-mobile has-ast-global-color-3-color has-ast-global-color-5-background-color has-text-color has-background\" style=\"margin-right:0;margin-left:0;padding-right:0;padding-left:0\"><div class=\"wp-block-media-text__content\">\r\n<p class=\"has-large-font-size\"><span style=\"text-decoration: underline;\">Om Oss<\/span><\/p>\r\n\r\n\r\n\r\n<p class=\"has-medium-font-size\">Den 7 januari 2020 \u00f6ppnade vi upp portarna till Bam chic i Helsingborg.<\/p>\r\n\r\n\r\n\r\n<p class=\"has-medium-font-size\" style=\"padding-right:0;padding-left:0\">D\u00e5 B\u00b4chic p\u00e5 R\u00e5dhustorget i Helsingborg st\u00e4ngde k\u00e4nde vi att Helsingborg kommer sakna en butik med moderiktiga kl\u00e4der f\u00f6r oss kvinnor med h\u00e4rliga kurvor. S\u00e5 vi valde att \u00f6ppna upp butiken p\u00e5 nytt under ny regi och nytt namn.<\/p>\r\n\r\n\r\n\r\n<p class=\"has-medium-font-size\"><strong>Vilka \u00e4r VI? &#8211; B &#8211; Anna &#8211; Marie &#8211; chic<\/strong><br><br>Tv\u00e5 kvinnor i v\u00e5ra b\u00e4sta \u00e5r som brinner f\u00f6r mode och att ge service i toppklass.<\/p>\r\n\r\n\r\n\r\n<p class=\"has-medium-font-size\">Varmt v\u00e4lkommen till v\u00e5r butik p\u00e5 Garnisonsgatan 10, h\u00e4r bjuder vi p\u00e5 massa modeinspiration, fika och ett gott skratt.<\/p>\r\n\r\n\r\n\r\n<p><em>Livet \u00e4r f\u00f6r kort f\u00f6r att g\u00e5 i tr\u00e5kiga kl\u00e4der.<\/em><\/p>\r\n<\/div><figure class=\"wp-block-media-text__media\"><img loading=\"lazy\" decoding=\"async\" width=\"1024\" height=\"683\" src=\"https:\/\/bamchic.se\/wp-content\/uploads\/2025\/03\/IMG_3208-1024x683.png\" alt=\"\" class=\"wp-image-19 size-large\" srcset=\"https:\/\/bamchic.se\/wp-content\/uploads\/2025\/03\/IMG_3208-1024x683.png 1024w, https:\/\/bamchic.se\/wp-content\/uploads\/2025\/03\/IMG_3208-300x200.png 300w, https:\/\/bamchic.se\/wp-content\/uploads\/2025\/03\/IMG_3208-768x512.png 768w, https:\/\/bamchic.se\/wp-content\/uploads\/2025\/03\/IMG_3208-1536x1024.png 1536w, https:\/\/bamchic.se\/wp-content\/uploads\/2025\/03\/IMG_3208.png 1620w\" sizes=\"auto, (max-width: 1024px) 100vw, 1024px\" \/><\/figure><\/div>\r\n\r\n\r\n\r\n<h2 class=\"wp-block-heading has-text-align-center has-medium-font-size\"><\/h2>\r\n\r\n\r\n\r\n<hr class=\"wp-block-separator has-alpha-channel-opacity is-style-wide\"\/>\r\n\r\n\r\n\r\n<div class=\"wp-block-group is-layout-grid wp-container-core-group-is-layout-478b6e6b wp-block-group-is-layout-grid\">\r\n<p><\/p>\r\n\r\n\r\n\r\n<p><\/p>\r\n\r\n\r\n\r\n<div class=\"wp-block-simple-wall-wall\"><div class=\"fb-page\" data-href=\"Bam-chic-stora-storlekar-42-54\/100057258767513\" data-tabs=\"timeline\" data-width=\"300\" data-height=\"600\" data-small-header=\"false\" data-adapt-container-width=\"true\" data-hide-cover=\"false\" data-show-facepile=\"true\"><\/div><\/div>\r\n\r\n\r\n\r\n<p><\/p>\r\n\r\n\r\n\r\n<p><\/p>\r\n\r\n\r\n\n<div class=\"wpcf7 no-js\" id=\"wpcf7-f412-o1\" lang=\"sv-SE\" dir=\"ltr\" data-wpcf7-id=\"412\">\n<div class=\"screen-reader-response\"><p role=\"status\" aria-live=\"polite\" aria-atomic=\"true\"><\/p> <ul><\/ul><\/div>\n<form action=\"\/index.php?rest_route=%2Fwp%2Fv2%2Fpages%2F22#wpcf7-f412-o1\" method=\"post\" class=\"wpcf7-form init\" aria-label=\"Kontaktformul\u00e4r\" novalidate=\"novalidate\" data-status=\"init\">\n<fieldset class=\"hidden-fields-container\"><input type=\"hidden\" name=\"_wpcf7\" value=\"412\" \/><input type=\"hidden\" name=\"_wpcf7_version\" value=\"6.1.5\" \/><input type=\"hidden\" name=\"_wpcf7_locale\" value=\"sv_SE\" \/><input type=\"hidden\" name=\"_wpcf7_unit_tag\" value=\"wpcf7-f412-o1\" \/><input type=\"hidden\" name=\"_wpcf7_container_post\" value=\"0\" \/><input type=\"hidden\" name=\"_wpcf7_posted_data_hash\" value=\"\" \/>\n<\/fieldset>\n<p><label> Ditt namn<br \/>\n<span class=\"wpcf7-form-control-wrap\" data-name=\"your-name\"><input size=\"40\" maxlength=\"400\" class=\"wpcf7-form-control wpcf7-text wpcf7-validates-as-required\" autocomplete=\"name\" aria-required=\"true\" aria-invalid=\"false\" value=\"\" type=\"text\" name=\"your-name\" \/><\/span> <\/label>\n<\/p>\n<p><label> Din e-post<br \/>\n<span class=\"wpcf7-form-control-wrap\" data-name=\"your-email\"><input size=\"40\" maxlength=\"400\" class=\"wpcf7-form-control wpcf7-email wpcf7-validates-as-required wpcf7-text wpcf7-validates-as-email\" autocomplete=\"email\" aria-required=\"true\" aria-invalid=\"false\" value=\"\" type=\"email\" name=\"your-email\" \/><\/span> <\/label>\n<\/p>\n<p><label> \u00c4mne<br \/>\n<span class=\"wpcf7-form-control-wrap\" data-name=\"your-subject\"><input size=\"40\" maxlength=\"400\" class=\"wpcf7-form-control wpcf7-text wpcf7-validates-as-required\" aria-required=\"true\" aria-invalid=\"false\" value=\"\" type=\"text\" name=\"your-subject\" \/><\/span> <\/label>\n<\/p>\n<p><label> Ditt meddelande (valfritt)<br \/>\n<span class=\"wpcf7-form-control-wrap\" data-name=\"your-message\"><textarea cols=\"40\" rows=\"10\" maxlength=\"2000\" class=\"wpcf7-form-control wpcf7-textarea\" aria-invalid=\"false\" name=\"your-message\"><\/textarea><\/span> <\/label>\n<\/p>\n<p><input class=\"wpcf7-form-control wpcf7-submit has-spinner\" type=\"submit\" value=\"Skicka\" \/>\n<\/p><input type='hidden' class='wpcf7-pum' value='{\"closepopup\":false,\"closedelay\":0,\"openpopup\":false,\"openpopup_id\":0}' \/><div class=\"wpcf7-response-output\" aria-hidden=\"true\"><\/div>\n<\/form>\n<\/div>\n\n<\/div>\r\n\r\n\r\n\r\n<p><\/p>\r\n","protected":false},"excerpt":{"rendered":"<p>\u00d6ppettider:M\u00e5ndag: 11:00 &#8211; 16:30Tisdag &#8211; Fredag: 11:00 &#8211; 18:00L\u00f6rdag: 10:00 &#8211; 15:00 Garnisonsgatan 10 i HelsingborgTelefon nummer till butiken : [&hellip;]<\/p>\n","protected":false},"author":1,"featured_media":0,"parent":0,"menu_order":0,"comment_status":"closed","ping_status":"closed","template":"","meta":{"site-sidebar-layout":"default","site-content-layout":"","ast-site-content-layout":"full-width-container","site-content-style":"unboxed","site-sidebar-style":"default","ast-global-header-display":"","ast-banner-title-visibility":"","ast-main-header-display":"","ast-hfb-above-header-display":"","ast-hfb-below-header-display":"","ast-hfb-mobile-header-display":"","site-post-title":"disabled","ast-breadcrumbs-content":"","ast-featured-img":"","footer-sml-layout":"","ast-disable-related-posts":"","theme-transparent-header-meta":"default","adv-header-id-meta":"","stick-header-meta":"","header-above-stick-meta":"","header-main-stick-meta":"","header-below-stick-meta":"","astra-migrate-meta-layouts":"set","ast-page-background-enabled":"default","ast-page-background-meta":{"desktop":{"background-color":"var(--ast-global-color-5)","background-image":"","background-repeat":"repeat","background-position":"center center","background-size":"auto","background-attachment":"scroll","background-type":"","background-media":"","overlay-type":"","overlay-color":"","overlay-opacity":"","overlay-gradient":""},"tablet":{"background-color":"","background-image":"","background-repeat":"repeat","background-position":"center center","background-size":"auto","background-attachment":"scroll","background-type":"","background-media":"","overlay-type":"","overlay-color":"","overlay-opacity":"","overlay-gradient":""},"mobile":{"background-color":"","background-image":"","background-repeat":"repeat","background-position":"center center","background-size":"auto","background-attachment":"scroll","background-type":"","background-media":"","overlay-type":"","overlay-color":"","overlay-opacity":"","overlay-gradient":""}},"ast-content-background-meta":{"desktop":{"background-color":"var(--ast-global-color-4)","background-image":"","background-repeat":"repeat","background-position":"center center","background-size":"auto","background-attachment":"scroll","background-type":"","background-media":"","overlay-type":"","overlay-color":"","overlay-opacity":"","overlay-gradient":""},"tablet":{"background-color":"var(--ast-global-color-4)","background-image":"","background-repeat":"repeat","background-position":"center center","background-size":"auto","background-attachment":"scroll","background-type":"","background-media":"","overlay-type":"","overlay-color":"","overlay-opacity":"","overlay-gradient":""},"mobile":{"background-color":"var(--ast-global-color-4)","background-image":"","background-repeat":"repeat","background-position":"center center","background-size":"auto","background-attachment":"scroll","background-type":"","background-media":"","overlay-type":"","overlay-color":"","overlay-opacity":"","overlay-gradient":""}},"footnotes":""},"class_list":["post-22","page","type-page","status-publish","hentry"],"_links":{"self":[{"href":"https:\/\/bamchic.se\/index.php?rest_route=\/wp\/v2\/pages\/22","targetHints":{"allow":["GET"]}}],"collection":[{"href":"https:\/\/bamchic.se\/index.php?rest_route=\/wp\/v2\/pages"}],"about":[{"href":"https:\/\/bamchic.se\/index.php?rest_route=\/wp\/v2\/types\/page"}],"author":[{"embeddable":true,"href":"https:\/\/bamchic.se\/index.php?rest_route=\/wp\/v2\/users\/1"}],"replies":[{"embeddable":true,"href":"https:\/\/bamchic.se\/index.php?rest_route=%2Fwp%2Fv2%2Fcomments&post=22"}],"version-history":[{"count":106,"href":"https:\/\/bamchic.se\/index.php?rest_route=\/wp\/v2\/pages\/22\/revisions"}],"predecessor-version":[{"id":479,"href":"https:\/\/bamchic.se\/index.php?rest_route=\/wp\/v2\/pages\/22\/revisions\/479"}],"wp:attachment":[{"href":"https:\/\/bamchic.se\/index.php?rest_route=%2Fwp%2Fv2%2Fmedia&parent=22"}],"curies":[{"name":"wp","href":"https:\/\/api.w.org\/{rel}","templated":true}]}}